b184
Convert -11437264 (base 8) to base 6.
-125415444
Convert -10027025 (base 8) to base 16.
-202e15
What is 18c95a (base 15) in base 14?
235c13
124542041 (base 6) to base 2
1001011011001011101001
Convert -11994 (base 11) to base 6.
-211244
Convert -2a742 (base 15) to base 10.
-136637
Convert 1631390 (base 11) to base 13.
765cba
Convert 1589b (base 14) to base 6.
1053133
Convert 1334552250 (base 6) to base 8.
75602706
-15506b (base 14) to base 13
-200692
Convert 11103021 (base 4) to base 11.
15342
Convert 6791 (base 12) to base 4.
2303131
What is -2212321210 (base 4) in base 11?
-427683
What is -218729 (base 15) in base 4?
-12012020211
What is -2221123 (base 8) in base 9?
-1112123
-4343454 (base 9) to base 4
-20321101003
Convert -10112001210011 (base 3) to base 6.
-104034521
Convert -2bed2 (base 15) to base 10.
-141722
112021120211 (base 3) to base 11
182209
Convert -20030001133 (base 4) to base 11.
-1236692
What is 101202021211 (base 3) in base 13?
75427
Convert -5390037 (base 12) to base 3.
-1002211221001121
Convert 717233 (base 10) to base 11.
44a960
What is -550320 (base 9) in base 14?
-8790b
Convert 111010101011010111100101 (base 2) to base 11.
8756797
-111000100110110001010 (base 2) to base 16
-1c4d8a
What is -4e88c (base 15) in base 9?
-423216
Convert 666562 (base 7) to base 14.
30bd9
-10222001020210 (base 3) to base 2
-1000000010011001110001
Convert 30103001 (base 4) to base 16.
c4c1
Convert 2355306 (base 9) to base 5.
311323403
Convert -3530320 (base 6) to base 12.
-899a0
Convert -44257b (base 12) to base 5.
-234120133
What is 10415310 (base 6) in base 12?
131536
What is -51c87 (base 13) in base 7?
-1151661
Convert -567d (base 15) to base 11.
-12866
1600563 (base 7) to base 8
653235
What is 1467310 (base 8) in base 10?
421576
-142033 (base 6) to base 12
-7919
What is 3bab06 (base 14) in base 4?
13320103302
Convert -163a19 (base 11) to base 14.
-68876
-2a797b (base 12) to base 8
-2573257
76182 (base 11) to base 16
1b05c
What is 33c221 (base 14) in base 10?
1762069
16413 (base 14) to base 16
d981
Convert ecce6 (base 16) to base 15.
1425dd
1123026 (base 12) to base 13
8ab823
1151416 (base 8) to base 5
40104144
-1227128 (base 13) to base 8
-25413563
2022202112212 (base 3) to base 9
2282485
-4992074 (base 10) to base 8
-23026112
111200012 (base 4) to base 12
42b72
Convert 1a73279 (base 12) to base 9.
11523063
Convert -1447c8 (base 15) to base 2.
-11101110100011110010
What is -41b48 (base 12) in base 7?
-506432
What is 10031023230 (base 5) in base 11?
5722180
Convert -3122103 (base 4) to base 10.
-13971
-31251166 (base 7) to base 4
-22003021201
90542 (base 10) to base 2
10110000110101110
What is 8c111 (base 16) in base 10?
573713
What is 10132022 (base 4) in base 16?
478a
Convert -1163546 (base 9) to base 5.
-130214430
-210232012231 (base 4) to base 6
-542152541
Convert -46559 (base 14) to base 12.
-83097
-11001001023 (base 5) to base 2
-101100110000110111110001
-230985 (base 15) to base 7
-20134616
What is 4310304301 (base 5) in base 6?
522242031
What is -67636d (base 16) in base 14?
-c8539b
Convert -10111100110100001101 (base 2) to base 5.
-144222024
What is 12524 (base 9) in base 2?
10000011111110
265996 (base 10) to base 8
1007414
-3810b (base 13) to base 15
-209ae
Convert -236877 (base 11) to base 12.
-161073
1104650 (base 7) to base 6
2530205
-11011111011010000011 (base 2) to base 8
-3373203
What is -21024224 (base 5) in base 11?
-10954a
What is -4233122343 (base 5) in base 9?
-17633618
-13531 (base 12) to base 2
-110100000110101
244215 (base 8) to base 3
11021101011
Convert -1203424 (base 6) to base 7.
-351502
What is -50515 (base 11) in base 3?
-10202021022
What is 11507243 (base 8) in base 11?
1476537
What is 10011011001000011101 (base 2) in base 8?
2331035
Convert 583334 (base 11) to base 5.
214124101
What is -484801 (base 9) in base 11?
-18a631
5f87d (base 16) to base 14
a2857
Convert 111010011011010001111 (base 2) to base 7.
22162444
6037582 (base 10) to base 6
333223434
11056704 (base 8) to base 3
11111002021101
-1110111110011001100 (base 2) to base 12
-1b7b78
Convert 750551 (base 16) to base 14.
1038bcd
Convert -17a1a (base 13) to base 4.
-23021111
What is 191232 (base 10) in base 16?
2eb00
What is 10100111101001001000010 (base 2) in base 8?
24751102
What is 1a732 (base 16) in base 9?
174545
Convert -123103333133 (base 4) to base 14.
-d45367
Convert -1386350 (base 9) to base 13.
-20a6cc
1000000000000011100 (base 2) to base 9
438562
What is 1100110101001110011 (base 2) in base 12?
1833ab
What is 110531 (base 9) in base 3?
10100121001
Convert -1339317 (base 11) to base 5.
-1042422442
cc1bc6 (base 13) to base 16
4947a2
169a1 (base 16) to base 8
264641
Convert -2241033 (base 6) to base 12.
-56179
Convert -311300131231 (base 4) to base 10.
-14092141
Convert -854019 (base 12) to base 9.
-3852353
What is 2a9a98 (base 12) in base 6?
23251112
Convert -1761011 (base 8) to base 6.
-15023425
Convert -ce461 (base 16) to base 4.
-3032101201
Convert 1001110101100001001111 (base 2) to base 12.
a4423b
1673058 (base 9) to base 5
214341102
What is f0108 (base 16) in base 14?
1b84c0
Convert -101010101111011000 (base 2) to base 8.
-525730
Convert 80354 (base 10) to base 13.
2a761
Convert -1322443 (base 5) to base 2.
-110011111111111
What is -41020323 (base 6) in base 16?
-11d6db
What is -11001001011100111010010 (base 2) in base 5?
-3142214140
What is 232313214 (base 6) in base 11?
2489a58
Convert -1135050 (base 7) to base 16.
-23031
What is 100110001000101100110 (base 2) in base 15?
19a3e3
What is 111a271 (base 12) in base 2?
1100011111000111110101
What is -3035050 (base 7) in base 9?
-611381
What is -11c03c (base 13) in base 10?
-426269
-f8cdb (base 16) to base 14
-1c756b
What is 19b0505 (base 12) in base 9?
11232785
Convert a3d733 (base 14) to base 3.
101101222112012
21501540 (base 6) to base 14
12b508
What is -1000011001111100101000 (base 2) in base 3?
-11010221112121
What is -111331121 (base 4) in base 15?
-1b9b5
Convert 436ca (base 13) to base 2.
11101110010011111
-43804 (base 13) to base 4
-131311033
What is 5b4456 (base 13) in base 7?
24350120
Convert -10201201120112 (base 3) to base 16.
-1e406a
21101242 (base 6) to base 13
1869a4
Convert b7a81 (base 12) to base 7.
2024515
Convert -297a483 (base 13) to base 4.
-302123002033
Convert -75876 (base 13) to base 5.
-23243421
-564bc (base 14) to base 8
-631126
Convert -39844 (base 11) to base 13.
-1cba4
Convert -148a1 (base 11) to base 7.
-115232
Convert 33301222233 (base 4) to base 3.
21210002222100
-12487aa (base 13) to base 14
-a86282
-12222112020 (base 3) to base 6
-2305053
What is 110100200 (base 3) in base 8?
21461
What is -200223021 (base 4) in base 7?
-1065120
10022221112011 (base 3) to base 10
1770394
Convert 112859 (base 13) to base 11.
257875
Convert 23d44 (base 16) to base 12.
70b18
What is 153b6 (base 12) in base 16?
74fa
2062655 (base 7) to base 6
5212432
What is -6795a (base 11) in base 13?
-3599b
Convert -2170274 (base 9) to base 5.
-244334322
Convert 102000330 (base 5) to base 16.
6704d
-110100010111100000 (base 2) to base 16
-345e0
Convert -160467 (base 10) to base 7.
-1235556
-122002120121211 (base 3) to base 9
-18076554
What is -10100101100111001101 (base 2) in base 4?
-2211213031
What is 12111023331 (base 4) in base 16?
1952fd
Convert -1483724 (base 9) to base 15.
-113c51
What is 34400321 (base 5) in base 4?
1023203111
What is 1100222111122 (base 3) in base 7?
6121121
Convert 100101100001100000 (base 2) to base 15.
30816
Convert -100110011100001111 (base 2) to base 10.
-157455
Convert -5ab41c (base 13) to base 7.
-24263422
Convert 5224843 (base 10) to base 3.
100211110010201
-76346 (base 8) to base 6
-404010
Convert -28589 (base 11) to base 3.
-2001201220
-104256c (base 13) to base 9
-10268140
What is 5275581 (base 9) in base 14?
53790d
What is -332302233 (base 4) in base 10?
-257199
What is -1111111000111001011 (base 2) in base 4?
-1333013023
-b9437 (base 14) to base 8
-1553151
What is 102132541 (base 6) in base 16?
1b3d8d
-2009209 (base 10) to base 8
-7524171
Convert 316b38 (base 13) to base 14.
221ba8
-261176 (base 9) to base 4
-212222013
Convert -14240a5 (base 11) to base 9.
-4544382
What is -6019a8 (base 16) in base 11?
-3611887
Convert 207b38c (base 13) to base 8.
4